divide 5782430?
True
Does 74 divide 494740481?
False
Does 12 divide 340509564?
True
Is 3 a factor of 35143880?
False
Is 113775409 a multiple of 73?
False
Does 1172 divide 12731595?
False
Is 10436888 a multiple of 11?
True
Is 11 a factor of 68844281?
True
Does 4172 divide 46780389?
False
Is 56476843 a multiple of 2610?
False
Is 19 a factor of 4179846?
False
Is 493 a factor of 260297591?
True
Is 444 a factor of 25522008?
True
Is 235029596 a multiple of 919?
False
Does 681 divide 107959022?
False
Does 1349 divide 171142234?
True
Is 5277 a factor of 292721611?
False
Is 67 a factor of 40103020?
False
Is 185 a factor of 208070610?
True
Is 729502 a multiple of 42?
False
Does 14 divide 96215070?
True
Does 7 divide 16504229?
True
Is 907 a factor of 696481205?
False
Is 2 a factor of 12770560?
True
Does 14 divide 58992655?
False
Is 292 a factor of 207755525?
False
Does 35 divide 6601671?
False
Is 26883542 a multiple of 299?
False
Is 18 a factor of 258202598?
False
Does 15 divide 79286169?
False
Is 797 a factor of 7453453939?
True
Does 7 divide 56742161?
True
Is 104253389 a multiple of 7456?
False
Does 20 divide 274016970?
False
Is 115 a factor of 1099179315?
True
Is 226 a factor of 730543671?
False
Is 25414784 a multiple of 64?
True
Is 836616327 a multiple of 93?
False
Is 1017 a factor of 28596075?
False
Is 4627 a factor of 334089272?
False
Is 31 a factor of 59295157?
True
Is 1361 a factor of 269223492?
False
Is 585969587 a multiple of 54?
False
Is 511709984 a multiple of 32?
True
Is 113 a factor of 9870043?
False
Does 610 divide 41758160?
True
Is 153986100 a multiple of 15?
True
Does 24 divide 168423863?
False
Does 13 divide 1836108399?
False
Is 92650107 a multiple of 11?
True
Does 14 divide 225941058?
True
Is 25384400 a multiple of 50?
True
Is 94 a factor of 103400?
True
Is 13 a factor of 36918362?
True
Is 715267798 a multiple of 163?
True
Is 347 a factor of 39964990?
False
Is 1179794671 a multiple of 45?
False
Does 5 divide 4882060?
True
Is 24057040 a multiple of 49?
True
Is 84144493 a multiple of 97?
True
Does 4922 divide 112797557?
False
Is 25604915 a multiple of 15?
False
Is 45 a factor of 506626785?
True
Is 27814448 a multiple of 272?
True
Is 2436917734 a multiple of 783?
False
Is 17788260 a multiple of 42?
True
Is 192 a factor of 31666969?
False
Is 12 a factor of 30871966?
False
Does 315 divide 19097190?
True
Is 200 a factor of 133357013?
False
Does 27 divide 15417811?
False
Is 6 a factor of 22679820?
True
Does 1366 divide 1236811648?
False
Is 131 a factor of 30832824?
False
Is 3 a factor of 45879395?
False
Is 1243798438 a multiple of 2177?
False
Is 20 a factor of 20048444?
False
Is 662525808 a multiple of 8176?
True
Does 1599 divide 53888126?
False
Does 34 divide 101784542?
True
Is 250 a factor of 19660207?
False
Is 21458296 a multiple of 41?
False
Is 11197 a factor of 5379173164?
True
Is 2134 a factor of 140226038?
False
Is 4819148595 a multiple of 15?
True
Is 1543788576 a multiple of 528?
True
Does 187 divide 265968604?
True
Is 187839628 a multiple of 647?
True
Is 5 a factor of 55992005?
True
Is 29290144 a multiple of 13?
True
Does 1177 divide 181132967?
False
Is 1546213806 a multiple of 18?
True
Is 1177 a factor of 206962108?
False
Does 283 divide 402093192?
True
Is 4532879430 a multiple of 54?
False
Is 14064864 a multiple of 176?
True
Does 24 divide 2004835632?
True
Is 134 a factor of 23659040?
True
Is 267 a factor of 152926653?
True
Is 38 a factor of 194059417?
False
Is 574404450 a multiple of 508?
False
Does 1135 divide 38460978?
False
Is 8 a factor of 38552320?
True
Is 3305 a factor of 489546515?
True
Is 49722561 a multiple of 12?
False
Is 14 a factor of 607963029?
False
Is 105095018 a multiple of 593?
True
Is 234739781 a multiple of 103?
True
Is 34 a factor of 533920111?
False
Is 148475812 a multiple of 1745?
False
Is 121142245 a multiple of 30?
False
Is 65 a factor of 10311665?
True
Does 109 divide 830389359?
True
Is 40979007 a multiple of 1462?
False
Is 158 a factor of 402422661?
False
Is 9146742 a multiple of 22?
True
Is 86019099 a multiple of 12?
False
Does 6 divide 52362336?
True
Is 1185512868 a multiple of 369?
True
Is 8818 a factor of 4786259950?
False
Is 22 a factor of 237591134?
True
Is 7034536 a multiple of 30?
False
Is 1631801259 a multiple of 53?
True
Does 752 divide 11376761?
False
Is 236 a factor of 1205618036?
True
Is 610537137 a multiple of 14?
False
Does 967 divide 2575184822?
True
Is 187556393 a multiple of 33?
False
Is 14495280 a multiple of 48?
True
Is 2661273 a multiple of 197?
True
Does 2473 divide 2500735250?
False
Is 1561269388 a multiple of 1061?
False
Is 67 a factor of 140581410?
True
Does 12 divide 71365557?
False
Does 969 divide 2489008766?
False
Does 20 divide 21875660?
True
Is 2151534044 a multiple of 188?
False
Is 1157 a factor of 56410921?
False
Is 34 a factor of 89223820?
True
Does 308 divide 1610581514?
False
Is 38 a factor of 314696202?
True
Is 13 a factor of 76168274?
True
Does 42 divide 16835154?
True
Does 7 divide 576148321?
True
Is 76260815 a multiple of 39?
False
Does 534 divide 67201796?
False
Is 7515927636 a multiple of 4956?
True
Is 66498635 a multiple of 6?
False
Is 125843214 a multiple of 17?
True
Does 28 divide 34537888?
True
Is 5499536687 a multiple of 463?
True
Is 11 a factor of 528192984?
True
Is 95 a factor of 1273440608?
False
Is 335741165 a multiple of 3589?
False
Is 144 a factor of 22874832?
True
Is 98290740 a multiple of 12?
True
Does 48 divide 9389265?
False
Does 826 divide 24208108?
False
Is 782 a factor of 39641144?
True
Is 75342 a multiple of 3?
True
Does 123 divide 21831808?
False
Is 96 a factor of 10488565?
False
Is 183954622 a multiple of 86?
False
Is 16182444 a multiple of 4?
True
Is 83 a factor of 660188521?
False
Is 125 a factor of 181530250?
True
Is 195 a factor of 175389045?
True
Does 1160 divide 1297726800?
True
Is 15 a factor of 561803250?
True
Does 80 divide 43853809?
False
Is 766 a factor of 82731064?
True
Is 114699360 a multiple of 20?
True
Does 6367 divide 160021811?
True
Is 544 a factor of 20983986?
False
Does 253 divide 841307932?
False
Is 2372181 a multiple of 37?
True
Is 2077436834 a multiple of 22?
True
Is 3481 a factor of 848591218?
True
Is 1461054174 a multiple of 1857?
True
Is 36597731 a multiple of 666?
False
Is 50 a factor of 56407050?
True
Is 733 a factor of 1236363561?
True
Is 21834034 a multiple of 49?
False
Is 33 a factor of 12241548?
True
Is 97801628 a multiple of 30?
False
Is 24 a factor of 12913720?
False
Does 557 divide 27530161?
False
Is 4662399 a multiple of 2?
False
Is 80470179 a multiple of 9?
True
Is 33 a factor of 108891915?
True
Is 10 a factor of 82288610?
True
Is 120 a factor of 1479600?
True
Is 5562193 a multiple of 33?
False
Does 3 divide 46064091?
True
Is 36 a factor of 42893856?
True
Is 13 a factor of 491675451?
False
Is 392 a factor of 6596576?
True
Is 18 a factor of 143571549?
False
Is 37310880 a multiple of 160?
True
Does 9 divide 1914493662?
True
Is 37467948 a multiple of 147?
True
Is 33 a factor of 45566301?
True
Is 7337 a factor of 2033500909?
True
Does 671 divide 117308440?
False
Is 634 a factor of 460231096?
False
Does 183 divide 59124006?
True
Is 1218410 a multiple of 251?
False
Is 1109 a factor of 72090545?
True
Is 237837456 a multiple of 62?
True
Is 99 a factor of 27831078?
True
Is 2245949714 a multiple of 129?
False
Does 71 divide 388802461?
True
Is 6060804 a multiple of 8?
False
Does 52 divide 712088883?
False
Is 24722322 a multiple of 57?
False
Does 196 divide 792856503?
False
Is 72452160 a multiple of 32?
True
Does 822 divide 318359778?
True
Is 75179705 a multiple of 53?
True
Is 5 a factor of 87748501?
False
Is 2377298 a multiple of 43?
True
Does 1855 divide 1582730524?
False
Is 1146507000 a multiple of 5?
True
Is 471157492 even?
True
Does 1307 divide 12875257?
True
Does 148 divide 349636397?
False
Is 45 a factor of 237263130?
True
Does 1529 divide 36711290?
True
Does 89 divide 553481602?
False
Is 61 a factor of 305258296?
False
Does 217 divide 105759479?
False
Does 19 divide 828086899?
True
Is 4 a factor of 59795920?
True
Does 17 divide 52086825?
False
Is 244 a factor of 2486113384?
False
Is 46 a factor of 1000493698?
True
Does 1323 divide 521477218?
False
Does 72 divide 479639664?
True
Does 57 divide 120728547?
Fals